ctors of 105028.
2, 7, 11, 31
What are the prime factors of 92459?
92459
List the prime factors of 438689.
193, 2273
What are the prime factors of 8186498?
2, 4093249
List the prime factors of 591565.
5, 13, 19, 479
What are the prime factors of 193857?
3, 19, 179
What are the prime factors of 688238?
2, 193, 1783
List the prime factors of 18872.
2, 7, 337
List the prime factors of 3814215.
3, 5, 254281
List the prime factors of 1430416.
2, 13, 23
What are the prime factors of 6067809?
3, 11, 61291
What are the prime factors of 3374128?
2, 227, 929
What are the prime factors of 1525542?
2, 3, 254257
What are the prime factors of 666360?
2, 3, 5, 617
List the prime factors of 19536.
2, 3, 11, 37
What are the prime factors of 60894?
2, 3, 17, 199
What are the prime factors of 1867483?
419, 4457
List the prime factors of 2045390.
2, 5, 23, 8893
List the prime factors of 316889.
41, 59, 131
List the prime factors of 1979303.
1979303
List the prime factors of 348173.
7, 49739
What are the prime factors of 1361236?
2, 19, 17911
List the prime factors of 10559149.
10559149
List the prime factors of 20420516.
2, 19, 89, 3019
List the prime factors of 20711787.
3, 359, 19231
What are the prime factors of 2449687?
47, 52121
List the prime factors of 12297.
3, 4099
What are the prime factors of 6221015?
5, 1244203
What are the prime factors of 326173?
19, 17167
List the prime factors of 10570863.
3, 37, 95233
List the prime factors of 9475192.
2, 1184399
List the prime factors of 28399125.
3, 5, 75731
What are the prime factors of 1137223?
61, 103, 181
List the prime factors of 4495125.
3, 5, 11987
What are the prime factors of 16199958?
2, 3, 23, 89, 1319
What are the prime factors of 137275?
5, 17, 19
What are the prime factors of 186633?
3, 89, 233
What are the prime factors of 9619019?
9619019
What are the prime factors of 1343076?
2, 3, 7, 59, 271
What are the prime factors of 1203334?
2, 11, 83, 659
What are the prime factors of 141384?
2, 3, 43, 137
What are the prime factors of 530646?
2, 3, 59, 1499
What are the prime factors of 1211505?
3, 5, 17, 4751
What are the prime factors of 322473?
3, 17, 6323
List the prime factors of 521404.
2, 13, 37, 271
What are the prime factors of 605293?
13, 101, 461
List the prime factors of 74421.
3, 8269
What are the prime factors of 294779?
31, 37, 257
List the prime factors of 174089.
107, 1627
List the prime factors of 3679811.
43, 85577
What are the prime factors of 451977?
3, 150659
List the prime factors of 7381257.
3, 13, 53, 3571
List the prime factors of 142618.
2, 7, 61, 167
List the prime factors of 34660465.
5, 7, 19, 52121
List the prime factors of 539505.
3, 5, 19, 631
What are the prime factors of 8890?
2, 5, 7, 127
List the prime factors of 484633.
19, 23, 1109
List the prime factors of 9719747.
41, 237067
List the prime factors of 2655364.
2, 19, 34939
List the prime factors of 4605723.
3, 37, 13831
List the prime factors of 739697.
7, 251, 421
What are the prime factors of 176121?
3, 11, 593
What are the prime factors of 1707153?
3, 7, 81293
What are the prime factors of 342611?
397, 863
What are the prime factors of 1283625?
3, 5, 7, 163
List the prime factors of 489325.
5, 23, 37
What are the prime factors of 191909?
43, 4463
List the prime factors of 22228996.
2, 17, 89, 3673
What are the prime factors of 2291478?
2, 3, 7, 54559
What are the prime factors of 6194478?
2, 3, 593, 1741
List the prime factors of 19998.
2, 3, 11, 101
List the prime factors of 1610471.
1610471
List the prime factors of 6017236.
2, 37, 109, 373
What are the prime factors of 372279?
3, 31, 4003
List the prime factors of 203404.
2, 211, 241
List the prime factors of 19428.
2, 3, 1619
List the prime factors of 2491103.
181, 13763
List the prime factors of 54476.
2, 13619
What are the prime factors of 34053487?
13, 67, 39097
What are the prime factors of 12671318?
2, 11, 29, 19861
List the prime factors of 10524304.
2, 7, 93967
What are the prime factors of 18564?
2, 3, 7, 13, 17
List the prime factors of 4330642.
2, 2165321
List the prime factors of 135833.
41, 3313
What are the prime factors of 410715?
3, 5, 9127
List the prime factors of 1586390.
2, 5, 13, 12203
What are the prime factors of 5016549?
3, 97, 17239
List the prime factors of 1117294.
2, 23, 107, 227
List the prime factors of 6597517.
6597517
What are the prime factors of 4967969?
4967969
What are the prime factors of 265196?
2, 167, 397
What are the prime factors of 755416?
2, 94427
List the prime factors of 232593.
3, 31, 41, 61
List the prime factors of 717029.
71, 10099
List the prime factors of 2027215.
5, 317, 1279
What are the prime factors of 97478?
2, 17, 47, 61
List the prime factors of 448045.
5, 13, 61, 113
What are the prime factors of 9954682?
2, 4977341
List the prime factors of 309326.
2, 211, 733
List the prime factors of 282940.
2, 5, 7, 43, 47
List the prime factors of 14635403.
14635403
List the prime factors of 260413.
260413
What are the prime factors of 93783?
3, 43, 727
List the prime factors of 522856.
2, 65357
What are the prime factors of 10674482?
2, 7, 13, 89, 659
List the prime factors of 1524095.
5, 23, 29, 457
List the prime factors of 13336282.
2, 953, 6997
List the prime factors of 15920236.
2, 31, 128389
List the prime factors of 291899.
291899
What are the prime factors of 217531?
19, 107
List the prime factors of 749362.
2, 374681
List the prime factors of 7534968.
2, 3, 7, 44851
What are the prime factors of 247358?
2, 337, 367
What are the prime factors of 15069244?
2, 73, 51607
List the prime factors of 319070.
2, 5, 31907
List the prime factors of 533780.
2, 5, 13, 2053
What are the prime factors of 1635589?
1009, 1621
What are the prime factors of 288279?
3, 3559
List the prime factors of 2052585.
3, 5, 45613
What are the prime factors of 22210346?
2, 29, 569, 673
What are the prime factors of 299579?
7, 42797
What are the prime factors of 602611?
163, 3697
What are the prime factors of 207950?
2, 5, 4159
List the prime factors of 428327.
31, 41, 337
List the prime factors of 2973312.
2, 3, 29, 89
List the prime factors of 7047606.
2, 3, 1174601
What are the prime factors of 161624?
2, 89, 227
What are the prime factors of 246164?
2, 19, 41, 79
What are the prime factors of 174318?
2, 3, 17, 1709
What are the prime factors of 1407472?
2, 11, 727
What are the prime factors of 577947?
3, 383, 503
List the prime factors of 37698.
2, 3, 61, 103
What are the prime factors of 59373?
3, 733
What are the prime factors of 679004?
2, 169751
List the prime factors of 11400506.
2, 13, 17, 25793
List the prime factors of 812163.
3, 11, 24611
List the prime factors of 14408.
2, 1801
What are the prime factors of 18377312?
2, 73, 7867
List the prime factors of 4557219.
3, 59, 25747
List the prime factors of 13386375.
3, 5, 73, 163
What are the prime factors of 3158030?
2, 5, 315803
What are the prime factors of 1165576?
2, 53, 2749
What are the prime factors of 235803?
3, 83, 947
What are the prime factors of 5216?
2, 163
List the prime factors of 6494185.
5, 877, 1481
What are the prime factors of 164875?
5, 1319
List the prime factors of 6447928.
2, 805991
What are the prime factors of 33851706?
2, 3, 7, 61, 73, 181
What are the prime factors of 158298?
2, 3, 7, 3769
List the prime factors of 435708.
2, 3, 7, 13, 19
List the prime factors of 387919.
7, 151, 367
List the prime factors of 13554861.
3, 29, 347, 449
What are the prime factors of 24359?
24359
List the prime factors of 17981555.
5, 1783, 2017
List the prime factors of 469492.
2, 117373
List the prime factors of 4091086.
2, 2045543
List the prime factors of 298310.
2, 5, 23, 1297
What are the prime factors of 1801276?
2, 19, 137, 173
What are the prime factors of 189421?
189421
What are the prime factors of 206298?
2, 3, 73, 157
What are the prime factors of 251925?
3, 5, 3359
What are the prime factors of 1323393?
3, 503, 877
What are the prime factors of 3157582?
2, 241, 6551
List the prime factors of 6115186.
2, 7, 11, 39709
List the prime factors of 20231018.
2, 10115509
What are the prime factors of 2205222?
2, 3, 157, 2341
What are the prime factors of 242872?
2, 7, 4337
List the prime factors of 12974598.
2, 3, 7, 13, 89
What are the prime factors of 